ainder when m is divided by 22.
20
Let h = 159 + -154. Calculate the remainder when 18 is divided by h.
3
Suppose -r - 5*t = -3, -5*r + 0*r = -2*t - 123. Calculate the remainder when 39 is divided by r.
16
Suppose -3*v + 2*v = 0. Let c be 35*(v - 852/(-15)). Calculate the remainder when 31 is divided by c/126 + (-4)/(-18).
15
Suppose -214*v = -209*v - 270. What is the remainder when v is divided by 14?
12
Suppose 284 - 80 = 4*o. Suppose l + 126 = -2*l. Let g = 69 + l. Calculate the remainder when o is divided by g.
24
Let h(l) = -l**2 - 5*l + 7. Let i be h(-3). Calculate the remainder when (i/2)/((-1)/(-4)) is divided by 10.
6
Let c = -2 + 5. Suppose -c*a = -4*a + 35. Suppose -2*g + 17 = -4*k - 17, -5*g = 4*k - 57. What is the remainder when a is divided by g?
9
Suppose 7*j - 396 = 3*j. Let k = j + -13. Suppose 8 = d - 5*n, 3*d = -d + 2*n + k. What is the remainder when 89 is divided by d?
20
Let j = -4 - -2. Let p = j - -4. Calculate the remainder when ((-14)/(-21))/(14/147) is divided by p.
1
Let b = -35 + 40. Let a(i) be the first derivative of i**4/4 - 5*i**3/3 + 6*i - 3. Calculate the remainder when 9 is divided by a(b).
3
Suppose -3*h + 292 = h + 2*f, -3*f = 12. Suppose 0 = -5*l + 4*n + h, 3*n + 109 = 5*l + 34. What is the remainder when 26 is divided by l?
11
Suppose -o - 1 = 0, 5*o - 3 = p - 81. What is the remainder when 240 is divided by p?
21
Suppose 344 = 30*i - 46. What is the remainder when 25 is divided by i?
12
Let a be 4/10 + 52/20. Suppose -a*t = 3*w - 7*w + 21, -2*w + 2*t + 10 = 0. Suppose 20 = 2*p - w. What is the remainder when 49 is divided by p?
10
Suppose 0*i - 5*f = -2*i + 49, 28 = 2*i + 2*f. Let z(o) = -o**3 + 8*o**2 - 5*o + 2. What is the remainder when z(3) is divided by i?
15
Let w = 552 - 352. What is the remainder when w is divided by 105?
95
Suppose 2*o = -5*j + 95, -j + 4*o - 3 = -0*j. Suppose 6*n = -j + 365. Calculate the remainder when n is divided by 15.
13
Suppose 4299 = 15*f + 339. What is the remainder when f is divided by 81?
21
Suppose 0 = 5*o - 9 - 1. Suppose c = -o*c + 75. Calculate the remainder when 98 is divided by c.
23
Suppose -4*j = -31*j + 1674. What is the remainder when 494 is divided by j?
60
Let m(g) = -g**3 + 24*g**2 + 28*g - 60. Calculate the remainder when 24 is divided by m(25).
9
Let t = 1285 - 1253. What is the remainder when 118 is divided by t?
22
Let m(c) = c**3 - 9*c**2 + 11*c + 6. Let d = -20 - -28. What is the remainder when 88 is divided by m(d)?
28
Let d(c) = 2*c**2 - 10*c + 12. Let y be d(5). Let b(u) = 2*u - 21. What is the remainder when 3 is divided by b(y)?
0
Let p = -1487 + 1564. What is the remainder when 219 is divided by p?
65
Suppose -4*s + 4*v = s - 109, -2*v = 3*s - 61. Suppose -s + 93 = 6*x. Let y = 36 + -14. Calculate the remainder when y is divided by x.
10
Let v(y) = -2*y**3 + 13*y**2 + 9*y. What is the remainder when 417 is divided by v(7)?
11
Suppose 17*u - 100 = 87. Calculate the remainder when u is divided by 6.
5
Let f(d) = -21*d - 60. Let h(s) be the first derivative of -s**4/4 + s**3/3 - s**2 - 2*s - 2. Calculate the remainder when f(-6) is divided by h(-2).
10
Let y(q) = 11*q + 18. Let k be y(6). Let h = k + -55. What is the remainder when 142 is divided by h?
26
Let x = 200 - -66. What is the remainder when x is divided by 65?
6
Let q(u) = 26*u - 3. Suppose 1227 - 1395 = -12*n. What is the remainder when q(7) is divided by n?
11
Calculate the remainder when 111 is divided by (-65)/(-78)*3*132/10.
12
Let c(q) be the second derivative of -2/3*q**4 - 11/6*q**3 - 8*q - 7/2*q**2 - 1/20*q**5 + 0. Calculate the remainder when c(-7) is divided by 12.
9
Let c be (-2)/(-3) - (-20)/(-12) - -1. Suppose c = -5*j - 5, 3*q - j - 10 = 3*j. What is the remainder when q is divided by 1?
0
Suppose -21 = 6*j - 9*j. Suppose -49 - 61 = -11*c. What is the remainder when c is divided by j?
3
Let l(a) = -107*a + 151. Calculate the remainder when l(-4) is divided by 115.
4
Let a(o) = o**3 + 14*o**2 - 54*o + 4. Calculate the remainder when 1044 is divided by a(-17).
54
Suppose 4*y - 1 = 103. Suppose 7 = f + 12. Let s = 14 + f. Calculate the remainder when y is divided by s.
8
Suppose 5*o - 3*y = 213, 4 = -4*y - 0*y. What is the remainder when 165 is divided by o?
39
What is the remainder when ((-60)/(-3))/(-4) - (-3016)/13 is divided by 40?
27
What is the remainder when 2 - ((-370)/6 + 26/(-78)) is divided by 22?
20
Suppose 35*h - 236 = 254. What is the remainder when 69 is divided by h?
13
Let a(w) = w**3 - 3*w**2 + 2 - 6 - 2*w**3. Calculate the remainder when -8 + (-8)/(-2) - -37 is divided by a(-4).
9
What is the remainder when 97 is divided by 0/1 + 9 + -13 - -30?
19
Let w = -131 - -226. Suppose -5*j - 3*j = -128. What is the remainder when w is divided by j?
15
Let t(j) = 2*j**2 + 14*j + 3. Let p be t(-7). Calculate the remainder when -3 - (-159 + 3)/p is divided by 13.
10
Let l be -17 - 0 - (6 - 4). Let y = -16 - l. Suppose y*q + 37 = 2*v, -5*q = 4*v - 9*v + 90. Calculate the remainder when 66 is divided by v.
15
Suppose -5*d - 392 + 67 = 0. Let m = -46 - d. Let t = 103 - 96. What is the remainder when m is divided by t?
5
Suppose -36 = -z - z. Suppose 0 = 4*u + u - 480. Let a = u + -45. What is the remainder when a is divided by z?
15
Let r(s) = 43*s + 227. Calculate the remainder when r(0) is divided by 33.
29
Suppose -17 + 13 = -2*a. Suppose 25 = -a*f + 7*f. Let u(x) = -x**3 - 6*x**2 + 6*x + 5. Calculate the remainder when u(-7) is divided by f.
2
Let o(t) = -16*t - 1. Let a be o(-1). Let k = 13 - a. Calculate the remainder when 15 is divided by 100/24 - k/(-12).
3
Let w = -1089 + 1219. Calculate the remainder when 284 is divided by w.
24
Calculate the remainder when 111 is divided by 55/(-66) + (-429)/(-18).
19
Suppose 5240 = 31*b - 1797. What is the remainder when b is divided by 37?
5
Suppose 7*q - 4*q + 4*h = 46, -2*q + 3*h = -42. What is the remainder when q is divided by 18?
0
What is the remainder when ((26/4)/(-13))/((-1)/410) is divided by 52?
49
Let u(l) be the second derivative of l**4/12 + l**3/3 - 6*l**2 + 5*l. What is the remainder when u(-6) is divided by 3?
0
What is the remainder when 2/(-6) - (12 + 399/(-9)) is divided by 25?
7
Let h = 329 - 263. Calculate the remainder when h is divided by 26.
14
Suppose -4*x = 5*o - 208, 2*o = 4*x + 13 - 193. What is the remainder when 201 is divided by x?
13
Let q = 181 + -88. Calculate the remainder when 2/((-12)/(-2))*q is divided by 9.
4
Suppose -m - 81 - 110 = 0. Let x = m - -293. Calculate the remainder when x is divided by 21.
18
Let q(d) = -2*d**2 - 6*d + 4. Let b be q(-3). Suppose 2*s - 24 = b. Calculate the remainder when 34 is divided by s.
6
Suppose 4*j - 16*j = -60. Calculate the remainder when 6/60*4 - 113/(-5) is divided by j.
3
Suppose -2661 - 455 = -38*u. Calculate the remainder when 155 is divided by u.
73
Let b be 21/(-15) - (-3)/(-5). Calculate the remainder when 4/((-80)/35)*(-2 - 50) is divided by (1/b)/((-4)/184).
22
Suppose -6*c = -524 + 140. Suppose 0 = -q + 176 + 142. What is the remainder when q is divided by c?
62
Let o = -49 - -258. What is the remainder when o is divided by 14?
13
Suppose 0 = 7*y + 25 - 298. What is the remainder when y is divided by 8?
7
Let c(h) = -2*h**3 + 1. Suppose -g - 3*g - 8 = l, -l = 4. Suppose -2*r = 3*w - 3, 5*w + r - 3 = 2. Calculate the remainder when c(g) is divided by w.
0
Let z = 37 + 75. Let w = -19 + 38. Calculate the remainder when z is divided by w.
17
Let d(x) = x**2 - 3*x + 3. Let s(k) = k**2 + 3. Let b be s(0). Suppose b*i = -0*i + 180. What is the remainder when i is divided by d(6)?
18
Let q(y) = y**3 - 19*y**2 + 18*y + 10. Let n(t) = 3*t + 9. Let w be n(3). Calculate the remainder when 18 is divided by q(w).
8
Suppose -k - 13 = 3*p, -60 = 4*k + p + 3*p. Let n = k - -37. Suppose 4*i - 4*l - 144 = -0, 3*i = 5*l + 98. What is the remainder when i is divided by n?
20
Let t = -2 + 0. Calculate the remainder when 67 is divided by 0 + 28*(-1)/t.
11
Let x be 5*(4 + 45/3). Suppose -5*n - x = -9*n - 3*c, -5*n + c + 114 = 0. What is the remainder when n is divided by 14?
9
Suppose 5*k - 26 = -1. Suppose 3*b + 0*x - 102 = -3*x, x = k*b - 200. Calculate the remainder when b is divided by 14.
11
Let r(h) = -4*h - 3. Let q = -18 + 16. Let c be r(q). Suppo